{"id":57,"date":"2015-04-29T12:11:23","date_gmt":"2015-04-29T10:11:23","guid":{"rendered":"http:\/\/sts-oldenfelde.schulhomepages.hamburg.de\/?page_id=57"},"modified":"2026-01-26T09:59:37","modified_gmt":"2026-01-26T08:59:37","slug":"schulsprecher","status":"publish","type":"page","link":"https:\/\/sts-oldenfelde.hamburg.de\/?page_id=57","title":{"rendered":"Schulsprecher"},"content":{"rendered":"<p>Zu den Aufgaben der Schulsprecher geh\u00f6ren an erster Stelle die Vertretung der Sch\u00fclerinnen und Sch\u00fcler aller Jahrg\u00e4nge, untereinander und gegen\u00fcber Lehrern, den Eltern, der Schulleitung und sogar dar\u00fcber hinaus im Stadtteil und ganz Hamburg.<img loading=\"lazy\" decoding=\"async\" class=\"alignleft  wp-image-253581\" src=\"https:\/\/sts-oldenfelde.hamburg.de\/wp-content\/uploads\/sites\/173\/2026\/01\/IMG_9073-scaled-e1769417950362-601x1024.jpeg\" alt=\"\" width=\"283\" height=\"482\" srcset=\"https:\/\/sts-oldenfelde.hamburg.de\/wp-content\/uploads\/sites\/173\/2026\/01\/IMG_9073-scaled-e1769417950362-601x1024.jpeg 601w, https:\/\/sts-oldenfelde.hamburg.de\/wp-content\/uploads\/sites\/173\/2026\/01\/IMG_9073-scaled-e1769417950362-176x300.jpeg 176w, https:\/\/sts-oldenfelde.hamburg.de\/wp-content\/uploads\/sites\/173\/2026\/01\/IMG_9073-scaled-e1769417950362-768x1308.jpeg 768w, https:\/\/sts-oldenfelde.hamburg.de\/wp-content\/uploads\/sites\/173\/2026\/01\/IMG_9073-scaled-e1769417950362-902x1536.jpeg 902w, https:\/\/sts-oldenfelde.hamburg.de\/wp-content\/uploads\/sites\/173\/2026\/01\/IMG_9073-scaled-e1769417950362-1202x2048.jpeg 1202w, https:\/\/sts-oldenfelde.hamburg.de\/wp-content\/uploads\/sites\/173\/2026\/01\/IMG_9073-scaled-e1769417950362.jpeg 1230w\" sizes=\"auto, (max-width: 283px) 100vw, 283px\" \/><\/p>\n<p>In diesem Schuljahr (2025\/26) sind wir, Julie und Kaja aus Jahrgang 11, die Sch\u00fclersprecher der STS Oldenfelde. Wir waren bereits letztes Jahr schon Sch\u00fclersprecher und hatten\/haben sehr viel Spa\u00df daran. Wir lieben es, uns f\u00fcr die Sch\u00fclerschaft einzusetzen sowie Ideen einzubringen und umzusetzen. Wir sind immer offen f\u00fcr Fragen und W\u00fcnsche, ihr k\u00f6nnt gerne auf uns zukommen oder uns einen Brief schreiben und diesen in den Sch\u00fclersprecher-Briefkasten werfen, der in der Pausenhalle h\u00e4ngt. Wir hatten bereits im vergangenen Schuljahr viele Projekte, die wir auch mit Freude umgesetzt haben, wie zum Beispiel den Rosenverkauf am Valentinstag oder den Sch\u00fclersprecher-Briefkasten. In diesem Jahr hatten wir auch viele Projekte geplant, wie zum Beispiel eine Kursfahrt mit allen Klassensprechern sowie ein Sommerfest vor den Sommerferien mit der gesamten Schule. Wir f\u00fchlen uns sehr geehrt und sind sehr dankbar, dass wir eure Stimme sein d\u00fcrfen. Denn so wie unser Schulmotto ist, wollen auch wir unser Bestes geben f\u00fcr euch.<\/p>\n<p>Wir sind auch f\u00fcr euch da, falls ihr Ideen oder Verbesserungsvorschl\u00e4ge habt. Schreibt uns daf\u00fcr einfach eine Mail an:<br \/>\n<a href=\"mailto:schulsprecher.oldenfelde@sts-old.de\" target=\"_blank\" rel=\"noreferrer noopener\">schulsprecher.oldenfelde@sts-old.de<\/a><\/p>\n<p><em>Foto: STS Oldenfelde<\/em><\/p>\n","protected":false},"excerpt":{"rendered":"<p>Zu den Aufgaben der Schulsprecher geh\u00f6ren an erster Stelle die Vertretung der Sch\u00fclerinnen und Sch\u00fcler aller Jahrg\u00e4nge, untereinander und gegen\u00fcber Lehrern, den Eltern, der Schulleitung und sogar dar\u00fcber hinaus im Stadtteil und ganz Hamburg.&#46;&#46;&#46;<\/p>\n","protected":false},"author":728,"featured_media":0,"parent":0,"menu_order":0,"comment_status":"closed","ping_status":"closed","template":"","meta":{"_acf_changed":false,"footnotes":""},"class_list":["post-57","page","type-page","status-publish","hentry"],"acf":[],"_links":{"self":[{"href":"https:\/\/sts-oldenfelde.hamburg.de\/index.php?rest_route=\/wp\/v2\/pages\/57","targetHints":{"allow":["GET"]}}],"collection":[{"href":"https:\/\/sts-oldenfelde.hamburg.de\/index.php?rest_route=\/wp\/v2\/pages"}],"about":[{"href":"https:\/\/sts-oldenfelde.hamburg.de\/index.php?rest_route=\/wp\/v2\/types\/page"}],"author":[{"embeddable":true,"href":"https:\/\/sts-oldenfelde.hamburg.de\/index.php?rest_route=\/wp\/v2\/users\/728"}],"replies":[{"embeddable":true,"href":"https:\/\/sts-oldenfelde.hamburg.de\/index.php?rest_route=%2Fwp%2Fv2%2Fcomments&post=57"}],"version-history":[{"count":12,"href":"https:\/\/sts-oldenfelde.hamburg.de\/index.php?rest_route=\/wp\/v2\/pages\/57\/revisions"}],"predecessor-version":[{"id":253582,"href":"https:\/\/sts-oldenfelde.hamburg.de\/index.php?rest_route=\/wp\/v2\/pages\/57\/revisions\/253582"}],"wp:attachment":[{"href":"https:\/\/sts-oldenfelde.hamburg.de\/index.php?rest_route=%2Fwp%2Fv2%2Fmedia&parent=57"}],"curies":[{"name":"wp","href":"https:\/\/api.w.org\/{rel}","templated":true}]}}