{"id":253203,"date":"2025-09-01T09:31:27","date_gmt":"2025-09-01T07:31:27","guid":{"rendered":"https:\/\/sts-oldenfelde.hamburg.de\/?page_id=253203"},"modified":"2026-02-03T13:47:40","modified_gmt":"2026-02-03T12:47:40","slug":"klassen-7-8","status":"publish","type":"page","link":"https:\/\/sts-oldenfelde.hamburg.de\/?page_id=253203","title":{"rendered":"Klassen 7 &#8211; 8"},"content":{"rendered":"<h3><span style=\"color: #ff9900\">St\u00e4rken ausbauen und sich finden<\/span><\/h3>\n<p><img loading=\"lazy\" decoding=\"async\" class=\"alignleft wp-image-253499\" src=\"https:\/\/sts-oldenfelde.hamburg.de\/wp-content\/uploads\/sites\/173\/2025\/12\/7_8-rotated-e1765880332462.jpg\" alt=\"\" width=\"350\" height=\"413\" srcset=\"https:\/\/sts-oldenfelde.hamburg.de\/wp-content\/uploads\/sites\/173\/2025\/12\/7_8-rotated-e1765880332462.jpg 480w, https:\/\/sts-oldenfelde.hamburg.de\/wp-content\/uploads\/sites\/173\/2025\/12\/7_8-rotated-e1765880332462-254x300.jpg 254w\" sizes=\"auto, (max-width: 350px) 100vw, 350px\" \/>In den Jahrg\u00e4ngen 7 und 8 werden insgesamt 14 Klassen mit rund 350 Sch\u00fclerinnen und Sch\u00fclern betreut. In dieser Zeit werden aus Kindern Jugendliche, und genau diese Entwicklung steht im Mittelpunkt der Arbeit der Abteilung. Es beginnt f\u00fcr die Sch\u00fclerinnen und Sch\u00fcler eine wichtige Phase, in der sie ihren schulischen Weg zunehmend eigenst\u00e4ndiger gestalten.<\/p>\n<p>Im Jahrgang 7 steht vor allem die erste Spezialisierung im Vordergrund: Die Jugendlichen k\u00f6nnen mitentscheiden, welche Schwerpunkte sie setzen m\u00f6chten. Zur Wahl stehen neue Fremdsprachen wie Spanisch oder Franz\u00f6sisch sowie praxisorientierte Kurse wie Kochen, Textil, Werkstatt oder PC-Kurse. Au\u00dferdem w\u00e4hlen sie, ob sie weiterhin am Religionsunterricht teilnehmen oder das neue Fach Philosophie kennenlernen m\u00f6chten.<\/p>\n<div id=\"attachment_253606\" style=\"width: 297px\" class=\"wp-caption alignright\"><a href=\"https:\/\/sts-oldenfelde.hamburg.de\/wp-content\/uploads\/sites\/173\/2026\/02\/2025_26-Infoheft_innen_7-8_hp.pdf\"><img loading=\"lazy\" decoding=\"async\" aria-describedby=\"caption-attachment-253606\" class=\" wp-image-253606\" src=\"https:\/\/sts-oldenfelde.hamburg.de\/wp-content\/uploads\/sites\/173\/2026\/02\/Bildschirmfoto-2026-02-03-um-13.42.37-751x1024.png\" alt=\"\" width=\"287\" height=\"392\" srcset=\"https:\/\/sts-oldenfelde.hamburg.de\/wp-content\/uploads\/sites\/173\/2026\/02\/Bildschirmfoto-2026-02-03-um-13.42.37-751x1024.png 751w, https:\/\/sts-oldenfelde.hamburg.de\/wp-content\/uploads\/sites\/173\/2026\/02\/Bildschirmfoto-2026-02-03-um-13.42.37-220x300.png 220w, https:\/\/sts-oldenfelde.hamburg.de\/wp-content\/uploads\/sites\/173\/2026\/02\/Bildschirmfoto-2026-02-03-um-13.42.37-768x1048.png 768w, https:\/\/sts-oldenfelde.hamburg.de\/wp-content\/uploads\/sites\/173\/2026\/02\/Bildschirmfoto-2026-02-03-um-13.42.37.png 884w\" sizes=\"auto, (max-width: 287px) 100vw, 287px\" \/><\/a><p id=\"caption-attachment-253606\" class=\"wp-caption-text\">Dieses Informationsheft soll Ihnen und Ihrem Kind einen \u00dcberblick \u00fcber die<br \/>Abteilung 7\u20138 geben und helfen, sich gut auf die kommenden Schuljahre<br \/>vorzubereiten.<\/p><\/div>\n<p>Ein weiteres zentrales Element ist das Fach SeLe (selbstst\u00e4ndiges Lernen). Es bietet jedem und jeder Einzelnen die M\u00f6glichkeit, pers\u00f6nliche St\u00e4rken auszubauen oder an Bereichen zu arbeiten, die noch Entwicklungspotenzial haben.<\/p>\n<p>Bei Fragen, Anliegen oder Terminabsprachen wenden Sie sich bitte an den Abteilungsleiter der Klassen 7 und 8, Herrn Dr. Jonas Licht, oder an das Schulb\u00fcro:<\/p>\n<p>Herr Dr. Jonas Licht, Abteilungsleiter 7\u20138<br \/>\njonas.licht@sts-old.de<\/p>\n<p>Schulb\u00fcro Stadtteilschule Oldenfelde<br \/>\nTelefon: 42 88 663 \u2013 50<\/p>\n<p><em>Foto: C. Mende<\/em><\/p>\n<p>&nbsp;<\/p>\n<p>&nbsp;<\/p>\n","protected":false},"excerpt":{"rendered":"<p>St\u00e4rken ausbauen und sich finden In den Jahrg\u00e4ngen 7 und 8 werden insgesamt 14 Klassen mit rund 350 Sch\u00fclerinnen und Sch\u00fclern betreut. In dieser Zeit werden aus Kindern Jugendliche, und genau diese Entwicklung steht&#46;&#46;&#46;<\/p>\n","protected":false},"author":728,"featured_media":0,"parent":0,"menu_order":0,"comment_status":"closed","ping_status":"closed","template":"","meta":{"_acf_changed":false,"footnotes":""},"class_list":["post-253203","page","type-page","status-publish","hentry"],"acf":[],"_links":{"self":[{"href":"https:\/\/sts-oldenfelde.hamburg.de\/index.php?rest_route=\/wp\/v2\/pages\/253203","targetHints":{"allow":["GET"]}}],"collection":[{"href":"https:\/\/sts-oldenfelde.hamburg.de\/index.php?rest_route=\/wp\/v2\/pages"}],"about":[{"href":"https:\/\/sts-oldenfelde.hamburg.de\/index.php?rest_route=\/wp\/v2\/types\/page"}],"author":[{"embeddable":true,"href":"https:\/\/sts-oldenfelde.hamburg.de\/index.php?rest_route=\/wp\/v2\/users\/728"}],"replies":[{"embeddable":true,"href":"https:\/\/sts-oldenfelde.hamburg.de\/index.php?rest_route=%2Fwp%2Fv2%2Fcomments&post=253203"}],"version-history":[{"count":17,"href":"https:\/\/sts-oldenfelde.hamburg.de\/index.php?rest_route=\/wp\/v2\/pages\/253203\/revisions"}],"predecessor-version":[{"id":253612,"href":"https:\/\/sts-oldenfelde.hamburg.de\/index.php?rest_route=\/wp\/v2\/pages\/253203\/revisions\/253612"}],"wp:attachment":[{"href":"https:\/\/sts-oldenfelde.hamburg.de\/index.php?rest_route=%2Fwp%2Fv2%2Fmedia&parent=253203"}],"curies":[{"name":"wp","href":"https:\/\/api.w.org\/{rel}","templated":true}]}}