{"id":252945,"date":"2025-06-12T10:37:56","date_gmt":"2025-06-12T08:37:56","guid":{"rendered":"https:\/\/sts-oldenfelde.hamburg.de\/?page_id=252945"},"modified":"2025-11-11T15:13:43","modified_gmt":"2025-11-11T14:13:43","slug":"infoheft-fuer-jg-5-7","status":"publish","type":"page","link":"https:\/\/sts-oldenfelde.hamburg.de\/?page_id=252945","title":{"rendered":"Infohefte f\u00fcr Jg. 5 &#8211; 7"},"content":{"rendered":"<p>Hier finden Sie unsere Brosch\u00fcren f\u00fcr die Unterstufe:<\/p>\n<div id=\"attachment_252733\" style=\"width: 312px\" class=\"wp-caption alignnone\"><a href=\"https:\/\/sts-oldenfelde.hamburg.de\/wp-content\/uploads\/sites\/173\/2025\/11\/Infoheft-Unterstufe-2025_korr_hp.pdf\"><img loading=\"lazy\" decoding=\"async\" aria-describedby=\"caption-attachment-252733\" class=\"wp-image-252733\" src=\"https:\/\/sts-oldenfelde.hamburg.de\/wp-content\/uploads\/sites\/173\/2024\/11\/Bildschirmfoto-2024-11-14-um-15.50.00-771x1024.png\" alt=\"\" width=\"302\" height=\"401\" srcset=\"https:\/\/sts-oldenfelde.hamburg.de\/wp-content\/uploads\/sites\/173\/2024\/11\/Bildschirmfoto-2024-11-14-um-15.50.00-771x1024.png 771w, https:\/\/sts-oldenfelde.hamburg.de\/wp-content\/uploads\/sites\/173\/2024\/11\/Bildschirmfoto-2024-11-14-um-15.50.00-226x300.png 226w, https:\/\/sts-oldenfelde.hamburg.de\/wp-content\/uploads\/sites\/173\/2024\/11\/Bildschirmfoto-2024-11-14-um-15.50.00-768x1021.png 768w, https:\/\/sts-oldenfelde.hamburg.de\/wp-content\/uploads\/sites\/173\/2024\/11\/Bildschirmfoto-2024-11-14-um-15.50.00.png 1046w\" sizes=\"auto, (max-width: 302px) 100vw, 302px\" \/><\/a><p id=\"caption-attachment-252733\" class=\"wp-caption-text\">Wir m\u00f6chten Ihnen mit diesem Infoheft unsere Schule vorstellen.<\/p><\/div>\n<p>&nbsp;<\/p>\n<div id=\"attachment_252948\" style=\"width: 321px\" class=\"wp-caption alignnone\"><a href=\"https:\/\/sts-oldenfelde.hamburg.de\/wp-content\/uploads\/sites\/173\/2025\/06\/Infoheft-lernen-2025-HP.pdf\"><img loading=\"lazy\" decoding=\"async\" aria-describedby=\"caption-attachment-252948\" class=\"wp-image-252948\" src=\"https:\/\/sts-oldenfelde.hamburg.de\/wp-content\/uploads\/sites\/173\/2025\/06\/Bildschirmfoto-2025-06-12-um-10.36.52-736x1024.png\" alt=\"\" width=\"311\" height=\"433\" srcset=\"https:\/\/sts-oldenfelde.hamburg.de\/wp-content\/uploads\/sites\/173\/2025\/06\/Bildschirmfoto-2025-06-12-um-10.36.52-736x1024.png 736w, https:\/\/sts-oldenfelde.hamburg.de\/wp-content\/uploads\/sites\/173\/2025\/06\/Bildschirmfoto-2025-06-12-um-10.36.52-216x300.png 216w, https:\/\/sts-oldenfelde.hamburg.de\/wp-content\/uploads\/sites\/173\/2025\/06\/Bildschirmfoto-2025-06-12-um-10.36.52-768x1069.png 768w, https:\/\/sts-oldenfelde.hamburg.de\/wp-content\/uploads\/sites\/173\/2025\/06\/Bildschirmfoto-2025-06-12-um-10.36.52.png 1068w\" sizes=\"auto, (max-width: 311px) 100vw, 311px\" \/><\/a><p id=\"caption-attachment-252948\" class=\"wp-caption-text\">Um unseren Schulj\u00fcngsten den Einstieg zu erleichtern, enth\u00e4lt diese Brosch\u00fcre einige Vorschl\u00e4ge, wie die Sch\u00fcler:innen lernen, ihre Aufgaben sinnvoll zu erledigen und sich selbst\u00e4ndig vorzubereiten.<\/p><\/div>\n<div id=\"attachment_252956\" style=\"width: 334px\" class=\"wp-caption alignnone\"><a href=\"https:\/\/sts-oldenfelde.hamburg.de\/wp-content\/uploads\/sites\/173\/2025\/06\/Infoheft-wegweiser-2025_hp.pdf\"><img loading=\"lazy\" decoding=\"async\" aria-describedby=\"caption-attachment-252956\" class=\" wp-image-252956\" src=\"https:\/\/sts-oldenfelde.hamburg.de\/wp-content\/uploads\/sites\/173\/2025\/06\/Bildschirmfoto-2025-06-12-um-10.45.47-689x1024.png\" alt=\"\" width=\"324\" height=\"482\" srcset=\"https:\/\/sts-oldenfelde.hamburg.de\/wp-content\/uploads\/sites\/173\/2025\/06\/Bildschirmfoto-2025-06-12-um-10.45.47-689x1024.png 689w, https:\/\/sts-oldenfelde.hamburg.de\/wp-content\/uploads\/sites\/173\/2025\/06\/Bildschirmfoto-2025-06-12-um-10.45.47-202x300.png 202w, https:\/\/sts-oldenfelde.hamburg.de\/wp-content\/uploads\/sites\/173\/2025\/06\/Bildschirmfoto-2025-06-12-um-10.45.47-768x1142.png 768w, https:\/\/sts-oldenfelde.hamburg.de\/wp-content\/uploads\/sites\/173\/2025\/06\/Bildschirmfoto-2025-06-12-um-10.45.47.png 986w\" sizes=\"auto, (max-width: 324px) 100vw, 324px\" \/><\/a><p id=\"caption-attachment-252956\" class=\"wp-caption-text\">&#8222;Was geh\u00f6rt in meine Schultasche?&#8220;, &#8222;Wie f\u00fchre ich meine Hefte und Mappen?&#8220; &#8211; diese Brosch\u00fcre kl\u00e4rt wichtige Fragen f\u00fcr den Start an einer weiterf\u00fchrenden Schule.<\/p><\/div>\n<div id=\"attachment_252947\" style=\"width: 319px\" class=\"wp-caption alignnone\"><a href=\"https:\/\/sts-oldenfelde.hamburg.de\/wp-content\/uploads\/sites\/173\/2025\/06\/Medien.pdf\"><img loading=\"lazy\" decoding=\"async\" aria-describedby=\"caption-attachment-252947\" class=\"wp-image-252947\" src=\"https:\/\/sts-oldenfelde.hamburg.de\/wp-content\/uploads\/sites\/173\/2025\/06\/Bildschirmfoto-2025-06-12-um-10.32.30-598x1024.png\" alt=\"\" width=\"309\" height=\"529\" srcset=\"https:\/\/sts-oldenfelde.hamburg.de\/wp-content\/uploads\/sites\/173\/2025\/06\/Bildschirmfoto-2025-06-12-um-10.32.30-598x1024.png 598w, https:\/\/sts-oldenfelde.hamburg.de\/wp-content\/uploads\/sites\/173\/2025\/06\/Bildschirmfoto-2025-06-12-um-10.32.30-175x300.png 175w, https:\/\/sts-oldenfelde.hamburg.de\/wp-content\/uploads\/sites\/173\/2025\/06\/Bildschirmfoto-2025-06-12-um-10.32.30-768x1315.png 768w, https:\/\/sts-oldenfelde.hamburg.de\/wp-content\/uploads\/sites\/173\/2025\/06\/Bildschirmfoto-2025-06-12-um-10.32.30.png 834w\" sizes=\"auto, (max-width: 309px) 100vw, 309px\" \/><\/a><p id=\"caption-attachment-252947\" class=\"wp-caption-text\">In dieser Brosch\u00fcre erfahren Sie, wie wir in der Schule mit Medien umgehen, erhalten Empfehlungen f\u00fcr zu Hause u.v.m.<\/p><\/div>\n","protected":false},"excerpt":{"rendered":"<p>Hier finden Sie unsere Brosch\u00fcren f\u00fcr die Unterstufe: &nbsp;<\/p>\n","protected":false},"author":728,"featured_media":0,"parent":0,"menu_order":0,"comment_status":"closed","ping_status":"closed","template":"","meta":{"_acf_changed":false,"footnotes":""},"class_list":["post-252945","page","type-page","status-publish","hentry"],"acf":[],"_links":{"self":[{"href":"https:\/\/sts-oldenfelde.hamburg.de\/index.php?rest_route=\/wp\/v2\/pages\/252945","targetHints":{"allow":["GET"]}}],"collection":[{"href":"https:\/\/sts-oldenfelde.hamburg.de\/index.php?rest_route=\/wp\/v2\/pages"}],"about":[{"href":"https:\/\/sts-oldenfelde.hamburg.de\/index.php?rest_route=\/wp\/v2\/types\/page"}],"author":[{"embeddable":true,"href":"https:\/\/sts-oldenfelde.hamburg.de\/index.php?rest_route=\/wp\/v2\/users\/728"}],"replies":[{"embeddable":true,"href":"https:\/\/sts-oldenfelde.hamburg.de\/index.php?rest_route=%2Fwp%2Fv2%2Fcomments&post=252945"}],"version-history":[{"count":13,"href":"https:\/\/sts-oldenfelde.hamburg.de\/index.php?rest_route=\/wp\/v2\/pages\/252945\/revisions"}],"predecessor-version":[{"id":253434,"href":"https:\/\/sts-oldenfelde.hamburg.de\/index.php?rest_route=\/wp\/v2\/pages\/252945\/revisions\/253434"}],"wp:attachment":[{"href":"https:\/\/sts-oldenfelde.hamburg.de\/index.php?rest_route=%2Fwp%2Fv2%2Fmedia&parent=252945"}],"curies":[{"name":"wp","href":"https:\/\/api.w.org\/{rel}","templated":true}]}}