{"id":244165,"date":"2020-02-20T10:45:45","date_gmt":"2020-02-20T09:45:45","guid":{"rendered":"https:\/\/sts-oldenfelde.hamburg.de\/?page_id=244165"},"modified":"2020-02-20T17:09:07","modified_gmt":"2020-02-20T16:09:07","slug":"schuelerfirmen","status":"publish","type":"page","link":"https:\/\/sts-oldenfelde.hamburg.de\/?page_id=244165","title":{"rendered":"Sch\u00fclerfirmen"},"content":{"rendered":"<p>Ein noch recht junger Zweig unserer Beruflichen Orientierung ist die M\u00f6glichkeit f\u00fcr unsere 9. und 10. Kl\u00e4ssler, sich bei den Wahlpflicht-Modulen f\u00fcr eine unsere Sch\u00fclerfirmen zu entscheiden. Dank motivierter Kolleginnen und Kollegen, sowie der entsprechenden flei\u00dfigen Sch\u00fclerinnen und Sch\u00fcler, k\u00f6nnen wir in diesem Schuljahr stolz drei verschiedene Sch\u00fclerfirmen anbieten und zus\u00e4tzlich noch unsere Schulhofgarten-Kurse, die ebenfalls einen wirtschaftlichen Bereich aufweisen.<\/p>\n<p><img loading=\"lazy\" decoding=\"async\" class=\"alignnone size-medium wp-image-244119\" src=\"https:\/\/sts-oldenfelde.hamburg.de\/wp-content\/uploads\/sites\/173\/2020\/02\/tdos20_3-300x225.jpg\" alt=\"\" width=\"300\" height=\"225\">&nbsp;&nbsp;&nbsp;<img loading=\"lazy\" decoding=\"async\" class=\"alignnone  wp-image-244118\" src=\"https:\/\/sts-oldenfelde.hamburg.de\/wp-content\/uploads\/sites\/173\/2020\/02\/tdos20_2-300x250.jpg\" alt=\"\" width=\"273\" height=\"227\"><\/p>\n<p>Unsere Sch\u00fclerfirmen sind Teil des Netzwerkes \u201eJunior Sch\u00fclerfirma\u201c und jeweils unterteilt in die Bereiche Produktion\u201c und Vertrieb, wobei sich der Vertrieb nochmals aufgliedert in Marketing, Finanzen, Personal und Vorstand.<\/p>\n<p>Die Sch\u00fclerfirmen haben dabei ganz unterschiedliche Produkte und Vorgehensweisen, aber alle haben gemeinsam, dass sie wirtschaftlich arbeiten und echte, reale Produkte herstellen, durch die auch wirklich Geld eingenommen werden kann. Der erwirtschaftete Gewinn wird unter allen Mitgliedern der Sch\u00fclerfirma fair aufgeteilt. So bekommen unsere Sch\u00fclerinnen und Sch\u00fcler die einmalige Gelegenheit bereits vor ihrem Schulabschluss in die Arbeitswelt einzutauchen und einen Geschmack f\u00fcr Unternehmergeist und den Einsatz des eigenen Talents zu entwickeln.<\/p>\n<p>Hier finden Sie unsere Sch\u00fclerfirmen und ihre zu verkaufenden Produkte auf einen Blick. Mit einem Klick auf den Namen der Firma kommen Sie zum Vorstellungstext der entsprechenden Marketingabteilung:<\/p>\n<p><a href=\"https:\/\/sts-oldenfelde.hamburg.de\/?page_id=244155\">Oldenfelder Holzmanufaktur<\/a>: Picknickb\u00e4nke, Hochbeete<br \/>\n<a href=\"https:\/\/sts-oldenfelde.hamburg.de\/?page_id=244161\">Bee-Flex<\/a>: Bienenwachst\u00fccher aus wiederverwerteter Baumwolle<br \/>\n<a href=\"https:\/\/sts-oldenfelde.hamburg.de\/?page_id=244159\">Youth for Future Oldenfelde<\/a>: Wiederverwendbare Glasflaschen mit Neopren-Schutzh\u00fclle<br \/>\n<a href=\"https:\/\/sts-oldenfelde.hamburg.de\/?page_id=243940\">Schulhofgartenbau\/Urban Gardening<\/a>: Selbstgez\u00fcchtete Zimmerpflanzen, Samenbomben, Sament\u00fctchen<\/p>\n","protected":false},"excerpt":{"rendered":"<p>Ein noch recht junger Zweig unserer Beruflichen Orientierung ist die M\u00f6glichkeit f\u00fcr unsere 9. und 10. Kl\u00e4ssler, sich bei den Wahlpflicht-Modulen f\u00fcr eine unsere Sch\u00fclerfirmen zu entscheiden. Dank motivierter Kolleginnen und Kollegen, sowie der&#46;&#46;&#46;<\/p>\n","protected":false},"author":728,"featured_media":0,"parent":0,"menu_order":0,"comment_status":"closed","ping_status":"closed","template":"","meta":{"_acf_changed":false,"footnotes":""},"class_list":["post-244165","page","type-page","status-publish","hentry"],"acf":[],"_links":{"self":[{"href":"https:\/\/sts-oldenfelde.hamburg.de\/index.php?rest_route=\/wp\/v2\/pages\/244165","targetHints":{"allow":["GET"]}}],"collection":[{"href":"https:\/\/sts-oldenfelde.hamburg.de\/index.php?rest_route=\/wp\/v2\/pages"}],"about":[{"href":"https:\/\/sts-oldenfelde.hamburg.de\/index.php?rest_route=\/wp\/v2\/types\/page"}],"author":[{"embeddable":true,"href":"https:\/\/sts-oldenfelde.hamburg.de\/index.php?rest_route=\/wp\/v2\/users\/728"}],"replies":[{"embeddable":true,"href":"https:\/\/sts-oldenfelde.hamburg.de\/index.php?rest_route=%2Fwp%2Fv2%2Fcomments&post=244165"}],"version-history":[{"count":1,"href":"https:\/\/sts-oldenfelde.hamburg.de\/index.php?rest_route=\/wp\/v2\/pages\/244165\/revisions"}],"predecessor-version":[{"id":244168,"href":"https:\/\/sts-oldenfelde.hamburg.de\/index.php?rest_route=\/wp\/v2\/pages\/244165\/revisions\/244168"}],"wp:attachment":[{"href":"https:\/\/sts-oldenfelde.hamburg.de\/index.php?rest_route=%2Fwp%2Fv2%2Fmedia&parent=244165"}],"curies":[{"name":"wp","href":"https:\/\/api.w.org\/{rel}","templated":true}]}}