{"id":237,"date":"2015-06-17T11:57:22","date_gmt":"2015-06-17T09:57:22","guid":{"rendered":"http:\/\/sts-oldenfelde.schulhomepages.hamburg.de\/?page_id=237"},"modified":"2019-11-22T11:25:43","modified_gmt":"2019-11-22T10:25:43","slug":"kooperationspartner-2","status":"publish","type":"page","link":"https:\/\/sts-oldenfelde.hamburg.de\/?page_id=237","title":{"rendered":"Kooperationspartner"},"content":{"rendered":"<p><img loading=\"lazy\" decoding=\"async\" class=\"alignnone wp-image-137717 size-full\" src=\"https:\/\/sts-oldenfelde.hamburg.de\/wp-content\/uploads\/sites\/173\/2018\/05\/kooperationspartner.jpg\" alt=\"\" width=\"2048\" height=\"822\" srcset=\"https:\/\/sts-oldenfelde.hamburg.de\/wp-content\/uploads\/sites\/173\/2018\/05\/kooperationspartner.jpg 2048w, https:\/\/sts-oldenfelde.hamburg.de\/wp-content\/uploads\/sites\/173\/2018\/05\/kooperationspartner-300x120.jpg 300w, https:\/\/sts-oldenfelde.hamburg.de\/wp-content\/uploads\/sites\/173\/2018\/05\/kooperationspartner-768x308.jpg 768w, https:\/\/sts-oldenfelde.hamburg.de\/wp-content\/uploads\/sites\/173\/2018\/05\/kooperationspartner-1024x411.jpg 1024w\" sizes=\"auto, (max-width: 2048px) 100vw, 2048px\" \/><\/p>\n<p>Unsere Kooperationspartner bieten Praktikumspl\u00e4tze, Bewerbungstrainings und Ausbildungschancen f\u00fcr unsere Sch\u00fclerinnen und Sch\u00fcler, beteiligen sich an unserer eigenen Berufsmesse, \u00f6ffnen ihre T\u00fcren f\u00fcr Besichtigungen unserer Klassen oder kommen an unsere Schule und berichten aus ihrer Arbeitswelt zu unterschiedlichen Themenschwerpunkten.<\/p>\n<ul>\n<li>AOK Rheinland\/Hamburg<\/li>\n<li>Ausbildungszentrum Bau<\/li>\n<li>Auto Wichert<\/li>\n<li>Berufsakademie Hamburg<\/li>\n<li>BHH Sozialkontor<\/li>\n<li>Deutsche Post<\/li>\n<li>Deutsche Rentenversicherung<\/li>\n<li>Fielmann<\/li>\n<li>Finanzbeh\u00f6rde -Steuerverwaltung<\/li>\n<li>Gala Garten und Landschaftsbau<\/li>\n<li>Handelskammer Hamburg<\/li>\n<li>Handwerkskammer Hamburg<\/li>\n<li>H.E.G. Schr\u00f6der<\/li>\n<li>Hein &amp; Oetting<\/li>\n<li>IfT Institut f\u00fcr Talententwicklung<\/li>\n<li>Iveco<\/li>\n<li>Kaefer Industrie GmbH<\/li>\n<li>Kunstschule Wandsbek<\/li>\n<li>Malteser Hilfsdienst<\/li>\n<li>Siegfried Nass<\/li>\n<li>Northern Business School<\/li>\n<li>Otto<\/li>\n<li>Polizei Hamburg<\/li>\n<li>Reifen Helm GmbH<\/li>\n<li>Stromnetz Hamburg<\/li>\n<li>Telekom<\/li>\n<li>TOP Mehrwert Logistik<\/li>\n<li>Vattenfall W\u00e4rme Hamburg<\/li>\n<li>Verein Hamburger Spediteure e.V.<\/li>\n<li>Volkswagen Hamburg<\/li>\n<\/ul>\n<p>&nbsp;<\/p>\n","protected":false},"excerpt":{"rendered":"<p>Unsere Kooperationspartner bieten Praktikumspl\u00e4tze, Bewerbungstrainings und Ausbildungschancen f\u00fcr unsere Sch\u00fclerinnen und Sch\u00fcler, beteiligen sich an unserer eigenen Berufsmesse, \u00f6ffnen ihre T\u00fcren f\u00fcr Besichtigungen unserer Klassen oder kommen an unsere Schule und berichten aus ihrer&#46;&#46;&#46;<\/p>\n","protected":false},"author":728,"featured_media":0,"parent":0,"menu_order":0,"comment_status":"closed","ping_status":"closed","template":"","meta":{"_acf_changed":false,"footnotes":""},"class_list":["post-237","page","type-page","status-publish","hentry"],"acf":[],"_links":{"self":[{"href":"https:\/\/sts-oldenfelde.hamburg.de\/index.php?rest_route=\/wp\/v2\/pages\/237","targetHints":{"allow":["GET"]}}],"collection":[{"href":"https:\/\/sts-oldenfelde.hamburg.de\/index.php?rest_route=\/wp\/v2\/pages"}],"about":[{"href":"https:\/\/sts-oldenfelde.hamburg.de\/index.php?rest_route=\/wp\/v2\/types\/page"}],"author":[{"embeddable":true,"href":"https:\/\/sts-oldenfelde.hamburg.de\/index.php?rest_route=\/wp\/v2\/users\/728"}],"replies":[{"embeddable":true,"href":"https:\/\/sts-oldenfelde.hamburg.de\/index.php?rest_route=%2Fwp%2Fv2%2Fcomments&post=237"}],"version-history":[{"count":2,"href":"https:\/\/sts-oldenfelde.hamburg.de\/index.php?rest_route=\/wp\/v2\/pages\/237\/revisions"}],"predecessor-version":[{"id":202580,"href":"https:\/\/sts-oldenfelde.hamburg.de\/index.php?rest_route=\/wp\/v2\/pages\/237\/revisions\/202580"}],"wp:attachment":[{"href":"https:\/\/sts-oldenfelde.hamburg.de\/index.php?rest_route=%2Fwp%2Fv2%2Fmedia&parent=237"}],"curies":[{"name":"wp","href":"https:\/\/api.w.org\/{rel}","templated":true}]}}