{"id":15,"date":"2015-04-24T12:09:41","date_gmt":"2015-04-24T10:09:41","guid":{"rendered":"http:\/\/sts-oldenfelde.schulhomepages.hamburg.de\/?page_id=15"},"modified":"2022-07-18T21:45:40","modified_gmt":"2022-07-18T19:45:40","slug":"berufsorientierung","status":"publish","type":"page","link":"https:\/\/sts-oldenfelde.hamburg.de\/?page_id=15","title":{"rendered":"Berufliche Orientierung"},"content":{"rendered":"<p>Wir unterst\u00fctzen unsere Sch\u00fclerinnen und Sch\u00fcler darin, sich ihrer F\u00e4higkeiten und Interessen bewusst zu werden, so dass sie in der Lage sind, eine Perspektive f\u00fcr ihre Zukunft zu entwickeln und zu verfolgen. Unsere Sch\u00fclerinnen und Sch\u00fcler sollen nicht nur einen schulischen Abschluss erlangen, sondern den \u00dcbergang in die Berufswelt mit unserer Hilfe bestm\u00f6glich und systematisch gestalten.<\/p>\n<p>An der Umsetzung dieses Ziels sind nicht nur alle Lehrerinnen und Lehrer beteiligt, sondern ein gro\u00dfes <a href=\"https:\/\/sts-oldenfelde.hamburg.de\/?page_id=235\">multiprofessionelles Team<\/a>. Wir verstehen die Berufliche Orientierung nicht nur als eigenst\u00e4ndigen Schwerpunkt, sondern als f\u00e4cher\u00fcbergreifenden Ansatz. Die Verkn\u00fcpfung von Unterricht, betrieblicher Praxis und Projektarbeit ist Basis der Berufliche Orientierung.<\/p>\n<p class=\"Standard1\"><img loading=\"lazy\" decoding=\"async\" class=\"alignleft size-medium wp-image-251112\" src=\"https:\/\/sts-oldenfelde.hamburg.de\/wp-content\/uploads\/sites\/173\/2022\/06\/Plakette-Berufswahlsiegel_2022_gross-300x300.jpg\" alt=\"\" width=\"300\" height=\"300\" srcset=\"https:\/\/sts-oldenfelde.hamburg.de\/wp-content\/uploads\/sites\/173\/2022\/06\/Plakette-Berufswahlsiegel_2022_gross-300x300.jpg 300w, https:\/\/sts-oldenfelde.hamburg.de\/wp-content\/uploads\/sites\/173\/2022\/06\/Plakette-Berufswahlsiegel_2022_gross-150x150.jpg 150w, https:\/\/sts-oldenfelde.hamburg.de\/wp-content\/uploads\/sites\/173\/2022\/06\/Plakette-Berufswahlsiegel_2022_gross-80x80.jpg 80w, https:\/\/sts-oldenfelde.hamburg.de\/wp-content\/uploads\/sites\/173\/2022\/06\/Plakette-Berufswahlsiegel_2022_gross-320x320.jpg 320w, https:\/\/sts-oldenfelde.hamburg.de\/wp-content\/uploads\/sites\/173\/2022\/06\/Plakette-Berufswahlsiegel_2022_gross.jpg 652w\" sizes=\"auto, (max-width: 300px) 100vw, 300px\" \/>F\u00fcr diese Bem\u00fchungen wurden wir 2018 sogar mit dem Berufswahl-Siegel ausgezeichnet, welches 2022 von der&nbsp; SCHULEWIRTSCHAFT Hamburg, erneuert wurde. Diese Auszeichnung ist auch unter dem Qualit\u00e4tssiegel \u201eSchule mit vorbildlicher Berufsorientierung\u201c bekannt. Alle Schulen mit diesem Siegel \u201estellen sich einem Kernauftrag von Schule, n\u00e4mlich der Berufs- und Studienorientierung, in besonderer Weise. Sie engagieren sich vorbildlich \u00fcber die verpflichtenden Inhalte hinaus, so dass Ihre Sch\u00fclerinnen und Sch\u00fcler vielf\u00e4ltige Erfahrungen machen k\u00f6nnen, die in einen reflektierten Orientierungsprozess einflie\u00dfen\u201c.<\/p>\n<p class=\"Standard1\">Als Schule muss man hierf\u00fcr ein aufwendiges Zertifizierungsverfahren durchlaufen, das mit einer ausf\u00fchrlichen schriftlichen Bewerbung beginnt \u201eaus der hervorgeht, mit welcher Praxisrelevanz \u00f6konomische Themen in den Unterricht einflie\u00dfen, betriebliche Lernorte einbezogen werden und Sch\u00fclerinnen und Sch\u00fcler im Erwerb \u00fcberfachlicher Kompetenzen Unterst\u00fctzung erfahren.\u201c Danach besuchen zwei Mitglieder des Jury-Teams die Schule und machen sich ein eigenes Bild vor Ort, wobei sie sich nicht nur mit der Schulleitung und dem Kollegium unterhalten, sondern auch direkt die Meinung der Sch\u00fclerschaft und der Eltern einholen.<\/p>\n<p><img loading=\"lazy\" decoding=\"async\" class=\"alignright size-large wp-image-185030\" src=\"https:\/\/sts-oldenfelde.hamburg.de\/wp-content\/uploads\/sites\/173\/2018\/10\/bososiegel2-1024x683.jpg\" alt=\"\" width=\"1024\" height=\"683\" srcset=\"https:\/\/sts-oldenfelde.hamburg.de\/wp-content\/uploads\/sites\/173\/2018\/10\/bososiegel2-1024x683.jpg 1024w, https:\/\/sts-oldenfelde.hamburg.de\/wp-content\/uploads\/sites\/173\/2018\/10\/bososiegel2-300x200.jpg 300w, https:\/\/sts-oldenfelde.hamburg.de\/wp-content\/uploads\/sites\/173\/2018\/10\/bososiegel2-768x512.jpg 768w, https:\/\/sts-oldenfelde.hamburg.de\/wp-content\/uploads\/sites\/173\/2018\/10\/bososiegel2-272x182.jpg 272w, https:\/\/sts-oldenfelde.hamburg.de\/wp-content\/uploads\/sites\/173\/2018\/10\/bososiegel2.jpg 2048w\" sizes=\"auto, (max-width: 1024px) 100vw, 1024px\" \/><\/p>\n<p class=\"Standard1\">Bei der feierlichen Siegel-Vergabe 2018 hatten unsere Juroren ganz besonders warme Worte gefunden, auf die wir sehr stolz sind:<\/p>\n<p class=\"Standard1\"><i>\u201e<\/i><i>Die STS Oldenfelde zeigt, dass auch nach vielen Audits und der intensiven Besch\u00e4ftigung mit dem Thema Berufsorientierung \u00dcberraschungen m\u00f6glich sind. Die STS Oldenfelde hat es in vorbildlicher Weise verstanden, die an der Berufsorientierung Beteiligten so zu verkn\u00fcpfen, ja verweben, das f\u00fcr die SUS ein Angebot entsteht, das seinesgleichen sucht. Alle Beteiligten \u00e4u\u00dferten sich in geradezu \u00fcbersch\u00e4umender Weise vom Konzept und der eigenen Einbindung. Die STS Oldenfelde ist im Hamburger Osten ein Leuchtturm und Benchmark.\u201c<\/i><\/p>\n<p>Auf den Unterpunkten der Beruflichen Orientierung geben wir Ihnen gerne einen genaueren \u00dcberblick \u00fcber unser BO-Konzept.<\/p>\n<div class=\"maintext\">\n<p>&nbsp;<\/p>\n<\/div>\n","protected":false},"excerpt":{"rendered":"<p>Wir unterst\u00fctzen unsere Sch\u00fclerinnen und Sch\u00fcler darin, sich ihrer F\u00e4higkeiten und Interessen bewusst zu werden, so dass sie in der Lage sind, eine Perspektive f\u00fcr ihre Zukunft zu entwickeln und zu verfolgen. Unsere Sch\u00fclerinnen&#46;&#46;&#46;<\/p>\n","protected":false},"author":728,"featured_media":0,"parent":0,"menu_order":0,"comment_status":"closed","ping_status":"closed","template":"","meta":{"_acf_changed":false,"footnotes":""},"class_list":["post-15","page","type-page","status-publish","hentry"],"acf":[],"_links":{"self":[{"href":"https:\/\/sts-oldenfelde.hamburg.de\/index.php?rest_route=\/wp\/v2\/pages\/15","targetHints":{"allow":["GET"]}}],"collection":[{"href":"https:\/\/sts-oldenfelde.hamburg.de\/index.php?rest_route=\/wp\/v2\/pages"}],"about":[{"href":"https:\/\/sts-oldenfelde.hamburg.de\/index.php?rest_route=\/wp\/v2\/types\/page"}],"author":[{"embeddable":true,"href":"https:\/\/sts-oldenfelde.hamburg.de\/index.php?rest_route=\/wp\/v2\/users\/728"}],"replies":[{"embeddable":true,"href":"https:\/\/sts-oldenfelde.hamburg.de\/index.php?rest_route=%2Fwp%2Fv2%2Fcomments&post=15"}],"version-history":[{"count":5,"href":"https:\/\/sts-oldenfelde.hamburg.de\/index.php?rest_route=\/wp\/v2\/pages\/15\/revisions"}],"predecessor-version":[{"id":251147,"href":"https:\/\/sts-oldenfelde.hamburg.de\/index.php?rest_route=\/wp\/v2\/pages\/15\/revisions\/251147"}],"wp:attachment":[{"href":"https:\/\/sts-oldenfelde.hamburg.de\/index.php?rest_route=%2Fwp%2Fv2%2Fmedia&parent=15"}],"curies":[{"name":"wp","href":"https:\/\/api.w.org\/{rel}","templated":true}]}}