{"id":12,"date":"2015-04-24T11:58:50","date_gmt":"2015-04-24T09:58:50","guid":{"rendered":"http:\/\/sts-oldenfelde.schulhomepages.hamburg.de\/?page_id=12"},"modified":"2025-09-05T11:51:04","modified_gmt":"2025-09-05T09:51:04","slug":"impressum","status":"publish","type":"page","link":"https:\/\/sts-oldenfelde.hamburg.de\/?page_id=12","title":{"rendered":"Impressum"},"content":{"rendered":"<p>Freie und Hansestadt Hamburg<br \/>\nBeh\u00f6rde f\u00fcr Schule, Familie und Berufsbildung<br \/>\nStadtteilschule Oldenfelde<br \/>\nMartin Homp (Schulleiter)<br \/>\nDelingsdorfer Weg 6<br \/>\n22143 Hamburg<\/p>\n<p>Telefon: +49 40 \/ 428 86 63 50<br \/>\nE-Mail: stadtteilschule-oldenfelde@bsfb.hamburg.de<\/p>\n<p>&nbsp;<\/p>\n<p>Inhaltlich verantwortlich f\u00fcr dieses Internetangebot:<br \/>\nMartin Homp<br \/>\nStadtteilschule Oldenfelde<br \/>\nDelingsdorfer Weg 6<br \/>\n22143 Hamburg<\/p>\n<p>Die Homepage wurde mit dem Schul-CMS der Hamburger Beh\u00f6rde f\u00fcr Schule, Familie und Berufsbildung erstellt.<\/p>\n<p>Konzeption und Realisation:<br \/>\nPR DOCKS Sauerbach &amp; Vierk, Agentur f\u00fcr Kommunikation<\/p>\n<p>Alle Fotos: \u00a9 Stadtteilschule Oldenfelde<\/p>\n<p><b>Haftungsausschluss:<\/b><\/p>\n<p><b>&nbsp;<\/b><b>Haftung f\u00fcr Links<\/b><\/p>\n<p>F\u00fcr die Inhalte der verlinkten Seiten ist stets der jeweilige Anbieter oder Betreiber der Seiten verantwortlich. Die verlinkten Seiten wurden zum Zeitpunkt der Verlinkung auf m\u00f6gliche Rechtsverst\u00f6\u00dfe \u00fcberpr\u00fcft. Rechtswidrige Inhalte waren zum Zeitpunkt der Verlinkung nicht erkennbar. Eine permanente inhaltliche Kontrolle der verlinkten Seiten ist jedoch ohne konkrete Anhaltspunkte einer Rechtsverletzung nicht zumutbar. Bei Bekanntwerden von Rechtsverletzungen werden wir derartige Links umgehend entfernen.<\/p>\n<p><b>Datenschutz<\/b><b><\/b><\/p>\n<p>Die Nutzung unserer Webseite ist ohne Angabe personenbezogener Daten m\u00f6glich. Soweit auf unseren Seiten personenbezogene Daten (beispielsweise Name, Anschrift oder E-Mail-Adressen) erhoben werden, erfolgt dies, soweit m\u00f6glich, stets auf freiwilliger Basis. Diese Daten werden ohne Ihre ausdr\u00fcckliche Zustimmung nicht an Dritte weitergegeben.<\/p>\n<p>Der Nutzung von im Rahmen der Impressumspflicht ver\u00f6ffentlichten Kontaktdaten durch Dritte zur \u00dcbersendung von nicht ausdr\u00fccklich angeforderter Werbung und Informationsmaterialien wird hiermit ausdr\u00fccklich widersprochen. Die Betreiber der Seiten behalten sich ausdr\u00fccklich rechtliche Schritte im Falle der unverlangten Zusendung von Werbeinformationen, etwa durch Spam-Mails, vor.<\/p>\n<p>Urheberrecht<br \/>\nDie verwendeten Grafiken und Fotos sowie die einzelnen Beitr\u00e4ge sind urheberrechtlich gesch\u00fctzt. Die Seiten d\u00fcrfen nur zum privaten Gebrauch vervielf\u00e4ltigt, \u00c4nderungen nicht vorgenommen und Vervielf\u00e4ltigungsst\u00fccke weder verbreitet noch zur \u00f6ffentlichen Wiedergabe benutzt werden.<\/p>\n<p>&nbsp;<\/p>\n","protected":false},"excerpt":{"rendered":"<p>Freie und Hansestadt Hamburg Beh\u00f6rde f\u00fcr Schule, Familie und Berufsbildung Stadtteilschule Oldenfelde Martin Homp (Schulleiter) Delingsdorfer Weg 6 22143 Hamburg Telefon: +49 40 \/ 428 86 63 50 E-Mail: stadtteilschule-oldenfelde@bsfb.hamburg.de &nbsp; Inhaltlich verantwortlich f\u00fcr&#46;&#46;&#46;<\/p>\n","protected":false},"author":728,"featured_media":0,"parent":0,"menu_order":0,"comment_status":"closed","ping_status":"closed","template":"","meta":{"_acf_changed":false,"footnotes":""},"class_list":["post-12","page","type-page","status-publish","hentry"],"acf":[],"_links":{"self":[{"href":"https:\/\/sts-oldenfelde.hamburg.de\/index.php?rest_route=\/wp\/v2\/pages\/12","targetHints":{"allow":["GET"]}}],"collection":[{"href":"https:\/\/sts-oldenfelde.hamburg.de\/index.php?rest_route=\/wp\/v2\/pages"}],"about":[{"href":"https:\/\/sts-oldenfelde.hamburg.de\/index.php?rest_route=\/wp\/v2\/types\/page"}],"author":[{"embeddable":true,"href":"https:\/\/sts-oldenfelde.hamburg.de\/index.php?rest_route=\/wp\/v2\/users\/728"}],"replies":[{"embeddable":true,"href":"https:\/\/sts-oldenfelde.hamburg.de\/index.php?rest_route=%2Fwp%2Fv2%2Fcomments&post=12"}],"version-history":[{"count":4,"href":"https:\/\/sts-oldenfelde.hamburg.de\/index.php?rest_route=\/wp\/v2\/pages\/12\/revisions"}],"predecessor-version":[{"id":253218,"href":"https:\/\/sts-oldenfelde.hamburg.de\/index.php?rest_route=\/wp\/v2\/pages\/12\/revisions\/253218"}],"wp:attachment":[{"href":"https:\/\/sts-oldenfelde.hamburg.de\/index.php?rest_route=%2Fwp%2Fv2%2Fmedia&parent=12"}],"curies":[{"name":"wp","href":"https:\/\/api.w.org\/{rel}","templated":true}]}}